he remainder when 414169 is divided by 58894.
1911
What is the remainder when 2739676 is divided by 223?
121
What is the remainder when 53667 is divided by 685?
237
Calculate the remainder when 1376997 is divided by 45.
42
Calculate the remainder when 232812 is divided by 298.
74
Calculate the remainder when 120765 is divided by 439.
40
Calculate the remainder when 1722871 is divided by 815.
776
Calculate the remainder when 49339 is divided by 12251.
335
Calculate the remainder when 300746 is divided by 50121.
20
Calculate the remainder when 3386059 is divided by 366.
193
Calculate the remainder when 189705 is divided by 779.
408
What is the remainder when 18123 is divided by 247?
92
Calculate the remainder when 1026103 is divided by 19.
8
Calculate the remainder when 58623466 is divided by 741.
733
What is the remainder when 1046539 is divided by 362?
359
What is the remainder when 23836492 is divided by 900?
892
What is the remainder when 365474 is divided by 426?
392
What is the remainder when 55558471 is divided by 2951?
2945
What is the remainder when 741476 is divided by 56992?
580
Calculate the remainder when 457159 is divided by 1194.
1051
Calculate the remainder when 11908490 is divided by 2977118.
18
Calculate the remainder when 3534245854 is divided by 393.
391
What is the remainder when 37524647 is divided by 21?
20
What is the remainder when 3747212 is divided by 416350?
62
Calculate the remainder when 1543153 is divided by 771528.
97
Calculate the remainder when 5861486 is divided by 142963.
3
Calculate the remainder when 593579 is divided by 177.
98
What is the remainder when 12104886 is divided by 26?
14
Calculate the remainder when 138069 is divided by 5733.
477
What is the remainder when 3946980 is divided by 30?
0
What is the remainder when 2553074 is divided by 1673?
76
Calculate the remainder when 1814396 is divided by 2025.
2021
What is the remainder when 77677 is divided by 223?
73
What is the remainder when 1123531 is divided by 4146?
4111
Calculate the remainder when 15037483 is divided by 154.
153
Calculate the remainder when 37145 is divided by 36285.
860
What is the remainder when 72156 is divided by 5541?
123
Calculate the remainder when 43345115 is divided by 36.
35
What is the remainder when 59363151 is divided by 2713?
2711
What is the remainder when 3569325 is divided by 24117?
9
What is the remainder when 2644015 is divided by 2478?
2467
Calculate the remainder when 67715772 is divided by 509.
448
Calculate the remainder when 5924716 is divided by 3029.
3021
What is the remainder when 39282 is divided by 2481?
2067
Calculate the remainder when 38842334 is divided by 2763.
80
Calculate the remainder when 21393366 is divided by 5501.
5478
What is the remainder when 308803 is divided by 2458?
1553
What is the remainder when 632566 is divided by 316260?
46
What is the remainder when 25130356 is divided by 365?
106
Calculate the remainder when 59146175 is divided by 735.
725
Calculate the remainder when 3031945 is divided by 16751.
14
Calculate the remainder when 274571 is divided by 53409.
7526
Calculate the remainder when 95139 is divided by 8405.
2684
What is the remainder when 610066 is divided by 1375?
941
Calculate the remainder when 2255950 is divided by 1582.
18
What is the remainder when 87530896 is divided by 26?
24
What is the remainder when 3691799 is divided by 505?
249
What is the remainder when 2532308 is divided by 18614?
804
Calculate the remainder when 1517508 is divided by 10.
8
Calculate the remainder when 1273640 is divided by 15.
5
Calculate the remainder when 273809052 is divided by 7.
6
What is the remainder when 20522298 is divided by 6840763?
9
Calculate the remainder when 3847597 is divided by 427507.
34
What is the remainder when 140405 is divided by 976?
837
Calculate the remainder when 67298702 is divided by 12292.
2
What is the remainder when 171790 is divided by 3122?
80
Calculate the remainder when 526566 is divided by 526497.
69
Calculate the remainder when 3843774 is divided by 1921020.
1734
What is the remainder when 2726808 is divided by 68169?
48
What is the remainder when 90411 is divided by 12735?
1266
What is the remainder when 20298 is divided by 2609?
2035
Calculate the remainder when 189588 is divided by 63196.
0
What is the remainder when 7008819 is divided by 721?
699
Calculate the remainder when 263524 is divided by 2170.
954
Calculate the remainder when 2141359 is divided by 71.
70
Calculate the remainder when 49748 is divided by 2021.
1244
Calculate the remainder when 22055 is divided by 11026.
3
What is the remainder when 616677 is divided by 578?
529
What is the remainder when 27552 is divided by 54?
12
What is the remainder when 109992 is divided by 2888?
248
Calculate the remainder when 239353 is divided by 29892.
217
What is the remainder when 1208768 is divided by 25714?
210
What is the remainder when 261590 is divided by 1011?
752
What is the remainder when 25857428 is divided by 160?
148
What is the remainder when 4917931 is divided by 327861?
16
What is the remainder when 343529 is divided by 68684?
109
What is the remainder when 1253168 is divided by 3622?
3578
What is the remainder when 11192099 is divided by 2238412?
39
What is the remainder when 320145 is divided by 13?
7
What is the remainder when 412401 is divided by 74?
73
What is the remainder when 31326 is divided by 15365?
596
What is the remainder when 414167416 is divided by 333?
331
What is the remainder when 9564498 is divided by 3394?
206
Calculate the remainder when 666306 is divided by 1192.
1170
What is the remainder when 12342473 is divided by 27550?
73
What is the remainder when 31978162 is divided by 11?
7
Calculate the remainder when 169939 is divided by 167219.
2720
What is the remainder when 2838672 is divided by 17?
12
What is the remainder when 122584 is divided by 122562?
22
What is the remainder when 123553307 is divided by 87?
83
What is the remainder when 2693571 is divided by 4527?
6
Calculate the remainder when 7642651 is divided by 892.
887
What is the remainder when 3961438 is divided by 1120?
1118
Calculate the remainder when 338088 is divided by 67355.
1313
What is the remainder when 55359 is divided by 1160?
839
What is the remainder when 1446493 is divided by 482153?
34
What is the remainder when 113062110 is divided by 8075865?
0
What is the remainder when 87778 is divided by 147?
19
Calculate the remainder when 264783 is divided by 2571.
2541
Calculate the remainder when 11030038 is divided by 262.
100
Calculate the remainder when 424274 is divided by 3312.
338
Calculate the remainder when 76393 is divided by 25197.
802
What is the remainder when 1337071 is divided by 540?
31
Calculate the remainder when 7858171 is divided by 33.
13
Calculate the remainder when 814360 is divided by 532.
400
Calculate the remainder when 262498904 is divided by 12783.
12782
Calculate the remainder when 6922 is divided by 4543.
2379
Calculate the remainder when 15756900 is divided by 10049.
68
What is the remainder when 41338 is divided by 6885?
28
Calculate the remainder when 71373 is divided by 526.
363
What is the remainder when 117269 is divided by 117198?
71
Calculate the remainder when 578352 is divided by 936.
840
What is the remainder when 669189 is divided by 47797?
31
What is the remainder when 382231 is divided by 2618?
3
What is the remainder when 977478 is divided by 324974?
2556
What is the remainder when 657261 is divided by 1887?
585
Calculate the remainder when 8221862 is divided by 226.
208
Calculate the remainder when 88153 is divided by 1384.
961
What is the remainder when 21893613 is divided by 588?
21
Calculate the remainder when 61888 is divided by 2743.
1542
Calculate the remainder when 282384 is divided by 94125.
9
What is the remainder when 6013927 is divided by 202?
185
Calculate the remainder when 6360983 is divided by 3180488.
7
What is the remainder when 1882187 is divided by 94102?
147
What is the remainder when 2150190 is divided by 723?
711
Calculate the remainder when 7241603 is divided by 22989.
68
Calculate the remainder when 133481627 is divided by 766.
765
Calculate the remainder when 3039906 is divided by 2296.
2
What is the remainder when 42420